culate the greatest common factor of 4 and m.
4
Let u(v) = v - 5. Let j be u(6). Let z(k) = 11*k**3 + k**2 - 1. Let d be z(j). Suppose 5*r - d*r = -72. Calculate the greatest common divisor of r and 8.
4
Let q = 241 - 229. What is the highest common divisor of 68 and q?
4
Let b(g) = 2*g**3 - g**2 + g + 1. Let p be b(1). Calculate the greatest common factor of 7 and p.
1
Let s(a) = -14*a - 24. Let x be s(-6). Let b = x + -58. Suppose -n + 115 = -w, -5*n = b*w + w - 535. What is the greatest common factor of n and 10?
10
Suppose 8 = 5*h - 4*k - 2, 0 = 4*k. Suppose 4*i + h*r = 5*r, 3*i = r + 5. Suppose x = -i*x + 84. Calculate the highest common divisor of x and 231.
21
Suppose -181584 = -160*g - 33744. Calculate the greatest common divisor of 528 and g.
132
Let n be (-37)/(-2)*(-1 + 7). Suppose 0 = 7*u - 330 - n. What is the highest common factor of 99 and u?
9
Let x = 28632 + -28550. Calculate the greatest common divisor of x and 10.
2
Let g(v) = -2*v + 18 - 7*v - 3*v - v**2 - 3*v. Let f be g(-15). Let n be (-20)/(-5) + 100 + -5. Calculate the highest common divisor of f and n.
9
Let d(v) = v**2 - 8*v + 20. Let a be d(3). Let h be (a - (-26)/(-5))*-25. Suppose -h*u = -801 - 354. Calculate the highest common divisor of u and 33.
33
Let n be 16/(-10)*650/(-4). Suppose -2*s = -3*c - 131, -3*s + 129 = 6*c - 3*c. Calculate the highest common factor of s and n.
52
Suppose 76 = t + 4*v, 2*v = -21*t + 19*t + 128. Let z = 63 + -27. What is the highest common factor of t and z?
12
Suppose 0 = x + 261 + 31. Let g be x/(-6) - (-1)/3. Suppose -g*o + 147 = -42*o. What is the highest common factor of o and 14?
7
Let t = 103 + -75. Suppose -3*z - t = -268. Calculate the highest common factor of 5 and z.
5
Suppose 6 = 8*t + 22. Let h be (-9)/(36/(-80))*t/(-4). Suppose -o + 2 = -1, -246 = -3*a - 2*o. What is the highest common factor of h and a?
10
Let v = -2459 + 2511. Calculate the highest common divisor of 494 and v.
26
Suppose 0 = 37*b - 41*b + 400. Suppose -9*f + 11*f = 0. Suppose f = -3*w + 5*z + b, -23 = -w - 4*z + 16. What is the greatest common divisor of w and 14?
7
Let t(w) = -26*w - 37. Suppose 3*l - 21 = -45. Let b be t(l). Let p(u) = -2*u - 11. Let y be p(-15). What is the highest common factor of y and b?
19
Let p = 26 - 28. Let n be (3/2)/(12*p/(-32)). Suppose z - 7 = -n*z - d, -d = z - 1. What is the greatest common divisor of 21 and z?
3
Let q(d) = -5*d**3 - 9*d**2 + 10*d - 8. Suppose -2*w - 22 = 4*n, -n + 2*w - 3*w - 6 = 0. Let h be q(n). Calculate the highest common divisor of 54 and h.
18
Suppose 5*a = -22 + 7. Let p be 2*a/24 + (-1)/(-4). Suppose 3*f - 2 - 7 = -t, p = -3*t - 5*f + 19. Calculate the highest common factor of 15 and t.
3
Let s(l) = l**2 + 9*l - 220. Let h be s(-21). Calculate the highest common factor of h and 13792.
32
Let n be 69/46*((-19)/(-3) + 1). Suppose -3*x + 0*w + 159 = 2*w, -3*w = 0. Let p = 130 - x. Calculate the highest common divisor of n and p.
11
Let h(k) = 2*k - 45. Let g be h(24). Suppose 4*v = 2*v + 3*o + 77, -4*o = -g*v + 116. What is the greatest common divisor of 16 and v?
8
Let w = 3608 + -3293. Calculate the greatest common divisor of w and 693.
63
Let g(n) = 9*n**3 + 2*n**2 - 4*n + 3. Let y be g(2). Suppose 38*l - 782 - 7946 = 392. What is the highest common divisor of l and y?
15
Suppose 0 = 4*l - 22 + 14. Suppose -5*b + 3*b + 10 = 0, -90 = -4*q + l*b. What is the highest common factor of q and 175?
25
Let y = 3 + 24. Let l be 4/(-60) + 8912/30. What is the highest common divisor of l and y?
27
Let g(j) = 121*j + 4288. Let z be g(-35). What is the greatest common divisor of z and 1007?
53
Let v be (-4)/(-26) - (-938)/(-182). Let b be (76/20 + -4)*v. Let l(r) = 41*r**2 + 3*r - 2. Let q be l(b). Calculate the greatest common divisor of 7 and q.
7
Let d(g) = g**3 - 93*g**2 + 90*g + 192. Let p be d(92). What is the highest common divisor of p and 11436?
4
Suppose h - 3 = 0, 0 = 4*i - 3*h - 18683 - 71244. What is the greatest common factor of 14 and i?
14
Let a(c) = 20*c**2 + 2*c - 21. Let h be a(-3). Let s be 923/6 - (h/54 + -3). What is the highest common divisor of s and 56?
14
Let x(f) = -f + 117. Let p be x(0). Suppose -5*u - 4*y = -0*u + 154, -4*u + 3*y = p. Let a = u - -36. What is the greatest common divisor of a and 30?
6
Let i be (3/(-6))/((-1)/2). Let j be i + (2 - (-6)/(-3)). Let q = -12 - -13. What is the highest common divisor of j and q?
1
Suppose 4*j - 3*x - 206 = 0, 5*j + x + 98 = 346. Let g = 114 + 148. Let a be 2/(-13) + g/13. Calculate the greatest common factor of j and a.
10
Let b(q) = -1 + 175*q**2 - 2 + 4. Let x be b(1). Let z = -3786 + 3802. Calculate the greatest common factor of z and x.
16
Let n(p) = 97*p + 2. Let g be n(-3). Let h = g - -487. Suppose 2*k + 5 - 41 = 0. What is the highest common factor of k and h?
18
Suppose -2*d = -c + 36, 3*d = -d - c - 66. Let i = -3 - d. Let z be (-30)/(-2)*(-5 + 116/12). Calculate the highest common factor of z and i.
14
Let a = 229 + -362. Let i = 141 + a. Let t(l) = l**3 - 6*l**2 - 16*l + 6. Let w be t(i). What is the greatest common factor of 9 and w?
3
Let g(z) = z**3 + 6*z**2 + 2*z - 2. Suppose 18*p = 13*p - 20. Let s be g(p). Let l be (-4)/s + (-16908)/(-66). Calculate the highest common factor of l and 32.
32
Let y = 9303 + -9232. Suppose 5*l = -d - 3*d + 371, 0 = -4*d + 16. Calculate the greatest common factor of l and y.
71
Let w(t) = -598*t - 7639. Let c be w(-15). Calculate the greatest common divisor of 605 and c.
121
Let k(a) = a - 4. Let o be k(-1). Let n = -6 + o. Let i = 23 + n. What is the greatest common factor of 96 and i?
12
Let q be 89 + (-81)/(-36)*4. Let g = -626 - -1508. What is the highest common factor of g and q?
98
Suppose 4*f + 4*k = -24, -4*f + 21 = -5*k - 0*k. Let o be 1 + -4 - -1 - 61*f. What is the greatest common divisor of 413 and o?
59
Let g be (0 + -5)*9/((-180)/32). Suppose -g*h - 1674 = -10*h. Calculate the greatest common divisor of 31 and h.
31
Let n = -97 - -273. Suppose 12*c - 148 = n. Suppose -4*l = -2*l - 2*j - 156, 0 = -5*l - 2*j + 411. What is the greatest common factor of c and l?
27
Let z(b) = -10*b. Let o be z(-2). Suppose -21*x - 732 = -17*x. Let d = x - -187. What is the highest common divisor of o and d?
4
Suppose v - 1292 = s, 0 = -14*v + 15*v - 5*s - 1280. Calculate the highest common divisor of 70 and v.
35
Let i = 493 + -20. Suppose 553 = 269*m - 2406. What is the greatest common divisor of m and i?
11
Let u(v) = v**3 - 14*v**2 - 33*v + 19. Suppose 8*b - 134 + 6 = 0. Let x be u(b). Calculate the highest common factor of x and 75.
3
Suppose -7*u = -12*u + 4*p + 16, -3*u + 3*p = -12. Suppose r - 6*r - 15 = u, 4*r = 5*n - 432. What is the highest common factor of 48 and n?
12
Let y = 1117 + -826. What is the highest common factor of 9 and y?
3
Let m = 307 - 231. Suppose 3*b + m = 7*b. What is the highest common factor of b and 361?
19
Let p(v) = -2*v**2 + 48*v + 13. Let q be p(12). Let a = q - 127. What is the highest common factor of a and 290?
58
Suppose 17*n = 6*n - 77. Let t(g) = -108*g - 129. Let h be t(n). Calculate the highest common divisor of 57 and h.
57
Suppose 6*l + 30 = 3*l. Let t(q) = -q**2 - 5*q + 13. Let m be t(l). Let a be (-6)/(-8) - m/4. What is the greatest common factor of 70 and a?
10
Let r(m) = 50*m**3 - 31*m**2 + 44*m - 125. Let y be r(4). What is the greatest common factor of 950 and y?
95
Suppose 7*o = -2 + 86. Let t(x) = -x - 47. Let v be t(-8). Let p = -36 - v. Calculate the highest common divisor of o and p.
3
Let q be (-9)/1 - 0 - -2070. Calculate the highest common factor of q and 9.
9
Suppose 7*r - 5134 = -4777. Calculate the highest common factor of 81 and r.
3
Suppose -g = 3*g + 380. Let o = g + 391. Suppose 3*h - 5*l = 96, 0 = -3*h - 2*h + 4*l + 173. Calculate the greatest common factor of o and h.
37
Let h be 680/15 + (-1)/3. Suppose -4*j + 52 = -4*d, 4*j + d = -2*d + h. Let c = 54 + -18. Calculate the highest common divisor of j and c.
12
Let m = -255 - -258. Suppose -4*v + 19 + 26 = m*s, 0 = -v - 3. What is the greatest common divisor of s and 437?
19
Suppose 3*i = 5*i - 232. Let b = i + 4. What is the greatest common factor of b and 45?
15
Let k(y) = -2*y**2 - 83*y + 13. Let t be k(-36). Suppose -13*v + 488 = -t. What is the highest common divis